l)?
-14
Let g(c) = -115*c + c**2 - 2*c**2 + 110*c. Let b(h) = -5*h**2 - 19*h. Let t(u) = 2*b(u) - 9*g(u). Calculate t(7).
0
Let m be (-2)/(-3) + (-6)/9. Let k(s) = -3*s + 5*s**2 + 5*s + 3 - s + s**3 + m*s. What is k(-5)?
-2
Let v(d) = 2 + 2*d + 1 - 4. Let m be v(-2). Let c(b) be the third derivative of -b**4/24 - 4*b**3/3 - 29*b**2. Calculate c(m).
-3
Let l(t) = -2*t**2 + 60*t + 63. Let i be l(31). Let o(u) = -6*u**3 - 2*u + 1. Determine o(i).
-7
Let n be (5/(-1))/(89 - 88). Let v(j) = 2*j**2 + 7*j + 3. Determine v(n).
18
Let c = 5999/4002 + 2/2001. Let j(l) be the second derivative of 4/3*l**3 - c*l**2 - 1/12*l**4 + 0 + 5*l. Give j(3).
12
Let p be 2*((-1 - 0) + 3). Let o be (-5)/(-20) - 14/(-8). Let s be p - o - (-2 - -2). Let b(q) = 5*q - 2. What is b(s)?
8
Let u(l) = -6*l**2 - l. Let m(w) = -25*w**2 - 3*w - 5. Let t(g) = m(g) - 4*u(g). Give t(-4).
-25
Let v(s) be the third derivative of -s**5/60 + s**4/6 + 161*s**2. Suppose -4*u = -0*u - 20. Calculate v(u).
-5
Let j(z) = -4*z + 2. Let v(i) = -2*i - 12. Let q be (5/(-2))/(3/6). Let t be v(q). Determine j(t).
10
Let c(s) = -4*s - 5. Let w = -25 + 30. Let p(x) = 2*x + x + w + 0*x. Let g(z) = -5*c(z) - 6*p(z). What is g(4)?
3
Let r = -692 + 702. Let i(l) = l**3 - 11*l**2 + 9*l + 6. Calculate i(r).
-4
Let j(z) = -14*z**2 - 40*z + 1. Let r(c) = -5*c**2 - 14*c. Let f(t) = -4*j(t) + 11*r(t). Give f(-6).
-4
Let g(t) = -3*t - 1. Suppose -6*v + 4*v - 10 = 0, 0 = 2*m - 5*v - 23. Give g(m).
2
Let d(q) be the third derivative of q**4/24 + q**3/3 - q**2. Suppose -5*s + 20 = 2*u, 3*u = 5*s - u - 20. Suppose -b - s*b - 25 = 0. Determine d(b).
-3
Let t(w) = -w**3 - 2*w**2 - 4*w - 3. Let l be 113/5 - (-18)/45. Suppose 0 = -2*p + 31 - l. Suppose -3*u - 18 = -p*u + 5*s, -u + 2*s + 6 = 0. What is t(u)?
5
Let p(l) = l**3 + 4*l**2 + 12. Suppose 0 = 78*y + 272 + 118. Determine p(y).
-13
Let t(j) = j**2 - 3*j + 6. Let n be 7*(1 - (-8)/(-14)). Let i be t(n). Let p(y) = -i*y**3 + 4 - y**3 + 6*y**3 - 2*y**2 + 3*y. What is p(-3)?
4
Let h = 289 + -280. Let g(m) = -3*m + 8. Calculate g(h).
-19
Suppose -2*n - 5*r + 8 = -r, -21 = -3*n + 3*r. Let c = n + -4. Let y(t) be the third derivative of -t**4/12 + t**3/6 + 7*t**2. What is y(c)?
-3
Let f(s) = -2*s + 6. Let g(d) = -2*d + 8. Let z(b) = 6*f(b) - 5*g(b). Determine z(8).
-20
Let g(a) = 11*a**2 - 70*a + 21. Let p be g(6). Let y(b) = -b**2 + 2. What is y(p)?
-7
Let y(r) = 7*r + 1. Let o(h) be the second derivative of h**5/20 - 2*h**4/3 + h**3/6 - 9*h**2/2 + 43*h + 1. Let f be o(8). Calculate y(f).
-6
Let a(j) = j. Let l(p) = 6*p**3 + p**2 - 3*p. Suppose 17*v = 2*v - 15. Let b(g) = v*l(g) - 3*a(g). Determine b(-1).
5
Suppose 3 = -2*c + 3. Suppose -y + 5*g = 5, -4*g + 2 = 2*y - 2. Let k(d) = -8 + d + 0*d + d**2 + y*d. Determine k(c).
-8
Suppose 3*j - 15 = 0, 3*z + 4*j = -1 + 12. Let k(c) = c + 2. Let s be k(z). Let d(r) be the second derivative of r**3/3 + r**2/2 - 3*r. What is d(s)?
-1
Let y(a) be the third derivative of -a**4/24 + 13*a**3/6 + a**2. Suppose 3*o + 0 - 6 = 2*c, c + 4*o = 8. Determine y(c).
13
Let m(s) = -7*s**2 + 5*s + 8. Let v(b) = -6*b**2 + 4*b + 7. Let k(r) = -5*m(r) + 6*v(r). Suppose -10*c - 333 = -c. Let y = 33 + c. Determine k(y).
-10
Let n(z) = -z**2 + 4*z + 1. Suppose -y = -0*y + 2, 5*k - 4*y - 23 = 0. Give n(k).
4
Let i(f) = 2*f + 1. Let u = 216 + -212. What is i(u)?
9
Let t(s) = -s**2 + 3*s - 3. Let i(r) = -6*r - 62. Let o be i(-11). Determine t(o).
-7
Let v(x) = -7*x**2 - 16*x - 21. Let g(a) = -3*a**2 - 8*a - 10. Let b(q) = 5*g(q) - 2*v(q). Calculate b(-7).
-1
Let k(c) = c + 1. Let u be (-15)/(-18) + (-3)/(-18). Let m(x) = x**2 - 3*x. Let l be m(u). What is k(l)?
-1
Let k(q) = q + 9. Let c(x) = -x**3 + 0 + 3*x**2 + 5 - x**2 + 4*x. Let y be c(4). Give k(y).
-2
Suppose 0 = -3*w + 4*c + 23, 4*w + 5*c = c - 16. Let r(g) = -6*g + 10*g + 2 + w. Calculate r(-4).
-13
Let q(n) = -n - 7. Let c = 231 + -139. Let u = 89 - c. Determine q(u).
-4
Let p(w) = -w**2 + 9*w - 2. Suppose -7*h + 3*u + 49 = -2*h, 3*h + 2*u - 18 = 0. Calculate p(h).
6
Let u be -2 + -7 + 3 + 6. Let m(i) = -3*i + 12. Determine m(u).
12
Let q = 27 - 21. Let f(o) = -o**3 + 6*o**2 + 2*o - 6. Let g be f(q). Let j(r) = r**2 - 6*r + 5. Calculate j(g).
5
Let w(n) = n**2 - 4*n. Let s(a) = -a**2 + 4*a - 1. Let j(d) = -2*s(d) - 3*w(d). Let k = -51 + -92. Let i = 147 + k. Determine j(i).
2
Let d(o) = o + 3. Let j(t) = 5*t + 9. Let h(b) = 15*d(b) - 5*j(b). Suppose g + 2*g = 6. Suppose -2*a = g*a - 4. What is h(a)?
-10
Let c(x) = -13*x**3 - 25*x**2 - x + 2. Let o(z) = -7*z**3 - 15*z**2 - z + 1. Let h(p) = 3*c(p) - 5*o(p). Determine h(-1).
3
Let r(q) = -9*q**2 - 2*q - 7. Let p(h) = h**2 + 2*h + 2. Let u(o) = 7*p(o) + r(o). Determine u(6).
7
Let b(c) = -c**2 + 20*c - 16. Suppose x = -4*m + 30, -142*x = -146*x + 5*m + 57. Determine b(x).
20
Let i(o) = 7*o**3 + 0*o + o**2 - o + o**2. Suppose -9 = -5*z + 11. Suppose 2 = z*c - 2*c. What is i(c)?
8
Let d(u) = u + 13. Let i(p) = 3*p**3 - 26*p**2 - 7*p - 25. Let x be i(9). What is d(x)?
6
Let l(a) = 40 - 36*a - 52*a + 86*a. Calculate l(17).
6
Let y be 2/8 + 6/(-24). Let j(x) be the third derivative of -1/6*x**3 + 0*x - 1/120*x**6 + 1/4*x**4 + y + 1/30*x**5 + 2*x**2. Determine j(4).
-9
Let a(n) = -2*n - 9. Let w(g) = -5*g - 26. Let t(d) = d**3 - 2*d**2 - d - 8. Let c be t(0). Let i(q) = c*a(q) + 3*w(q). Calculate i(6).
0
Let v be (-2)/(-24) + 7225/(-1020). Let z(i) = -i**3 - 7*i**2 + i + 6. Calculate z(v).
-1
Suppose -g - 2*g - 12 = 0. Let p(y) = -y**2 - 4*y + 2. Calculate p(g).
2
Let r(c) = -3*c**2 - 4*c - 1. Let x be (1/(-2)*-1)/(2/(-36)). Let p(v) = -11*v**2 - 17*v - 4. Let h(l) = x*r(l) + 2*p(l). Determine h(-1).
4
Let i(k) = 5*k**2 + 7 + 5*k**3 - 5*k + 10*k + 4*k**3. Let t(r) = -5*r**3 - 3*r**2 - 3*r - 4. Let h(y) = 3*i(y) + 5*t(y). Determine h(-1).
-1
Suppose 5*n = -2*o + 11, 0 = -6*n + 3*o + 110 - 59. Let m(r) = -r**2 + 0 + 6*r - 3 + 2. Give m(n).
4
Suppose 0 = o - 3, -17*n + 3*o = -14*n + 15. Let j(w) = 2*w + 2. Let u(d) = 3*d + 3. Let q(a) = -7*j(a) + 5*u(a). Determine q(n).
-1
Let q(t) = -466*t**2 + t**3 - 474*t**2 - 1 - t + 936*t**2. Let a(n) = -n**2 - 5*n + 4. Let p be a(-5). Give q(p).
-5
Let d(q) = -10*q - 89. Let z(o) = 11*o + 106. Let w(g) = 6*d(g) + 5*z(g). What is w(-1)?
1
Let b(d) be the first derivative of -1/60*d**5 + 0*d + 5/2*d**2 - 2*d**3 + 3/8*d**4 - 3. Let u(c) be the second derivative of b(c). Give u(8).
-4
Let d(k) = 4*k + 19. Suppose q - 9 = -4*r, 2*q + 2*r + 5 + 1 = 0. Determine d(q).
-9
Let k = 16 + -14. Let t be 0*(0/(-1) + 1). Let j(x) = t*x**2 + x**2 + 2*x**2 + 1 + 2*x - 4*x**2. Determine j(k).
1
Suppose -125 = 9*a - 4*a. Let j = -30 - a. Let u(i) = -i**2 - 7*i - 6. What is u(j)?
4
Let z(t) = -2*t**2 - 7*t - 3. Let m(k) = -2*k**2 - 8*k - 3. Let d(l) = -3*m(l) + 4*z(l). Calculate d(-4).
-19
Let c(n) = n**2 + 13*n + 15. Let q be -4 + (5 - -6) - 19. What is c(q)?
3
Let i(f) = -f**3 - f + 7. Let b = -13 + 11. Let y = -7 - b. Let n = y - -5. Determine i(n).
7
Let n(p) be the first derivative of p**2/2 - 10*p + 1351. Suppose -5*g = -2*g - 24. Determine n(g).
-2
Suppose 6*x - 340 + 376 = 0. Let m(f) = f**3 + 5*f**2 - 2*f - 2. Calculate m(x).
-26
Let o(h) = -h**2 + 2*h + 7. Let w = 9 + -4. Suppose -5*v - 18 - 17 = -w*c, -3*v - 33 = -5*c. Give o(c).
-17
Let x(s) = 2 - 21 - s - s. Let w(m) = -3*m - 20. Let f(t) = -3*w(t) + 4*x(t). Let p be f(18). Let y(j) = -6*j. Calculate y(p).
-12
Let y(s) = s + 9. Let q = -61 - -49. Give y(q).
-3
Suppose 2*a + 3 = 17. Let i(v) = 57 - 58 + 2*v**2 - a*v**2 + 2*v. Let h = -2 + 3. Calculate i(h).
-4
Let v(t) be the first derivative of t**3/3 + t**2 - 12. Let u be 10/(-8) - (-3)/(48/4). What is v(u)?
-1
Let i(d) = -d**3 + 7*d**2 - 8*d + 15. Let w = -1731 + 1737. Determine i(w).
3
Let d(l) = -l + 3. Let b be d(4). Let r(q) = 0*q - q + 2*q - q**2 - 1. Let u(x) = -2*x**2 + x - 2. Let m(h) = 5*r(h) - 3*u(h). Calculate m(b).
0
Let r(g) = -6*g + 2*g - 11*g. Let o(y) = 16*y**3 + 78*y**2 - 4*y + 31. Let n be o(-5). What is r(n)?
-15
Let i(s) = -1 + 3 + 369*s + 2 + 3 - 374*s. Suppose 0 = -h + 3*a + 15, -2*h + 5*a - 2*a = -21. Calculate i(h).
-23
Let u(g) be the second derivative of g**4/6 + g**3/2 - g**2 - 732*g. Suppose 13 = i + 3*i + t, 3*t = -9. Let v be ((-6)/8)/(1/i). Determine u(v).
7
Let t(c) be the first de